*2*-21. What is the highest common divisor of i and d?
14
Let m(u) = 3*u - 3. Let v be m(6). Let c = v - 13. Suppose c*l = 2 + 4, -3*p + 5*l = -9. What is the highest common factor of 88 and p?
8
Let h be 20 + ((-144)/(-96))/((-6)/(-4)). What is the greatest common divisor of 1113 and h?
21
Let s(o) = -o**2 - 121*o + 1465. Let r be s(11). Suppose 5*j = -0 - 10. Let w be (702/(-4))/3*j. Calculate the highest common divisor of r and w.
13
Let v = 2 + 2. Let q be 9/(-12) + (-308)/(-112). Calculate the highest common divisor of v and q.
2
Let b be 160/6*(-1275)/(-50). What is the highest common factor of b and 544?
136
Suppose 635 = 5*l - k, 5*l + k + 4*k = 665. Calculate the highest common divisor of 64 and l.
64
Suppose -122*s - 3440 + 64928 = 0. Calculate the highest common divisor of s and 108.
36
Suppose -2091 - 1434 = -5*q. Calculate the greatest common divisor of 15 and q.
15
Let j(m) = m. Let c(n) = n - 4. Let s(x) = c(x) + 3*j(x). Let z be s(10). What is the greatest common divisor of 6 and z?
6
Suppose 4*h - 7 + 3 = 0. Let f be (17 - 33)/(h - 3). Let k be -1 + 3 + -1*1. What is the greatest common divisor of k and f?
1
Let a = 363 + -333. Suppose 4*s + m = -m + 2, -3*s + 4*m + 18 = 0. Suppose 0 = -f + s*f - 12. What is the highest common factor of f and a?
6
Let k be 116/1*(-7 - 175/(-20)). Calculate the highest common factor of k and 116.
29
Let d(g) = g**2 + 6*g + 2. Let c be d(-11). What is the highest common factor of 19 and c?
19
Let j(l) = -l**3 - 5*l**2 + 7*l + 7. Let b be j(-6). Suppose 18 = c - b. Let m = -119 + 195. Calculate the greatest common factor of c and m.
19
Let s(a) = -2*a - 1. Let h be s(4). Let z be (h - -10)*(-1 - -9). What is the highest common divisor of 8 and z?
8
Let q(j) = 3*j**3 - 4*j**2 - 7. Let a be q(3). Calculate the highest common factor of 133 and a.
19
Suppose 0 = 2*f + 2*f - 12. Suppose f*y = -y + 480. Let c = 16 - 1. What is the highest common divisor of c and y?
15
Let s be (-888)/(-30) - 4/(-10). Suppose 0*u - 5*u = -s. Let g(o) = 10*o + 6. Let q be g(6). What is the highest common divisor of u and q?
6
Let i be 84/5 + (-300)/375. Let n be ((-4)/10)/(2/(-10)). What is the greatest common divisor of i and n?
2
Let a(w) = -w**2 + 13*w. Let l = 39 - 30. Let m be a(l). What is the greatest common factor of 108 and m?
36
Suppose 8*o = 3*q + 4*o - 2794, -3*o = -5*q + 4675. Calculate the greatest common factor of 14 and q.
14
Let t be (-18)/4*4/(-6). Suppose -33 = -t*w + 6*w. Let x be (2 - 3)*(w + 0). What is the highest common factor of 77 and x?
11
Let i be 2/((-2)/(-63)*1). Suppose 3*h - 93 = -5*c, -4*h + 4 + 36 = 2*c. Calculate the greatest common factor of c and i.
9
Let i(c) = 7*c**2 + 71*c + 24. Let k be i(-11). Calculate the highest common divisor of k and 20.
10
Let t be (-3 + 5)/((-9)/(1053/(-2))). What is the highest common divisor of t and 624?
39
Let g(u) = u + 9*u**2 - 10 - 4*u - 8*u**2. Let z be g(8). What is the greatest common divisor of 15 and z?
15
Let m = -23 + 25. Suppose 5*n + 0*k = m*k - 8, 3*n + 12 = 3*k. Suppose n = -18*o + 21*o - 42. Calculate the greatest common factor of o and 7.
7
Suppose 3*z - 6*z + 66 = 0. What is the greatest common divisor of 198 and z?
22
Let w(b) = 3*b - 2. Suppose 7*d = -3*r + 2*d + 40, 5*r = d + 48. Suppose 4*o - r = 6. Let h be w(o). Calculate the greatest common factor of h and 70.
10
Let o = 396 + -384. Suppose 3*u - 416 = -20. Calculate the greatest common divisor of u and o.
12
Let z(a) = -3*a. Let k be z(-1). Suppose -4*x + k*x = -21. Let j = 22 - x. Calculate the greatest common divisor of 7 and j.
1
Let d be ((-1 - -13) + 3)/((-21)/(-70)). Calculate the greatest common factor of 650 and d.
50
Let x be (-5)/30 + 6303/18. Calculate the highest common factor of 7 and x.
7
Let h be (150/(-90))/((4/96)/(-1)). What is the highest common factor of 160 and h?
40
Let d be 6*(2 - 5/3). Suppose -3*v = -d*v - 3. Let h be (-4 + 4 - 1)*-3. Calculate the highest common factor of h and v.
3
Suppose -4*q - 2*d - 3*d + 74 = 0, -3*d + 6 = 0. What is the highest common divisor of 100 and q?
4
Let p(b) = b**3 - 3*b**2 - 3*b - 8. Let i be p(5). Calculate the greatest common factor of 729 and i.
27
Let r be -3 - ((-1520)/56)/((-4)/(-28)). What is the greatest common divisor of 165 and r?
11
Suppose -6*j = -9*j - 87. Let n = j + 37. Calculate the greatest common divisor of n and 72.
8
Let x(z) = z**2 - 56*z - 44. Let s be x(58). Calculate the greatest common factor of s and 84.
12
Suppose d = -4*d + 25. Suppose 120 = 4*a - 4*s, -78 = -d*a - s + 72. Let k = 4 + 16. Calculate the greatest common factor of a and k.
10
Suppose 0 = -2*p - 3*p - 20. Let k(h) = 2*h**2 - h + 8. Let a be k(p). Let g(s) = -16*s + 2. Let r be g(-4). Calculate the greatest common factor of a and r.
22
Let s(m) = 2*m - 15. Let g be s(3). Let l(h) = -2*h + 27. Let v be l(g). What is the greatest common factor of 30 and v?
15
Suppose y + 5*k = 12, 4*y + 3*k + 14 = 130. Calculate the greatest common divisor of 512 and y.
32
Let d be (-40)/(-4) + (-350)/(-7). Calculate the greatest common divisor of 28 and d.
4
Suppose -15 = i + 110. Let s = 1310 + -1395. Let p = s - i. What is the highest common factor of 8 and p?
8
Let v(h) = h**3 - 30*h**2 - 136*h + 19. Let o be v(34). Calculate the highest common divisor of 1 and o.
1
Let s be (-2)/(32/28)*-8. Let f(y) = -y**3 + 13*y**2 + 15*y - 11. Let q be f(s). Let n be ((-9)/2)/(q/(-78)). What is the highest common factor of n and 13?
13
Suppose -6*z - 26 = -4*z. Let q(t) = -t**2 - 5. Let l be q(4). Let f = z - l. What is the greatest common divisor of 24 and f?
8
Suppose -2*i = 3*u - 2*u - 50, 0 = 2*i - 5*u - 38. What is the highest common factor of 384 and i?
24
Let r(u) = -11*u + 7. Let o be r(0). Calculate the greatest common factor of 5 and o.
1
Let h be 556/12*67 + (-1)/3. What is the highest common factor of 97 and h?
97
Suppose -1346 - 79 = -57*d. Calculate the greatest common factor of d and 1825.
25
Let x(t) = 5*t**2 - 8*t - 3. Let i be x(-5). Suppose -4*q - 20 = 0, 108*k + 4*q + 50 = 113*k. What is the greatest common factor of i and k?
6
Let l be (-6)/12*26*-1. Let f = 52 - 26. Calculate the greatest common divisor of l and f.
13
Let k = 74 + -71. Suppose -5*t + 857 = -q, k*t + 4*q - 466 = 62. What is the highest common divisor of t and 43?
43
Suppose 0*v = v + 480. Let j be ((-12)/(-10))/((-36)/v). What is the greatest common factor of 2 and j?
2
Suppose -37*l + 38*l - 992 = 0. Calculate the greatest common divisor of 31 and l.
31
Let r be 1*(4 - (4 - 37)). Suppose 3*h = 3*a + 222, a + r + 109 = 2*h. What is the greatest common divisor of h and 8?
8
Suppose 2*w + p - 3*p = 194, 2*w - 200 = -p. Let g(f) = 2*f + 30. Let x be g(-15). Suppose 0*u + u - 9 = x. What is the highest common factor of u and w?
9
Let m(o) = o**3 + 32*o**2 + 33*o + 72. Let z be m(-31). Calculate the highest common divisor of 16 and z.
2
Let y be 3 + 5 + -4 + (-53)/(-1). Calculate the highest common divisor of 19 and y.
19
Suppose 5*v - 841 = -0*q - q, 5*q - 5 = 0. Suppose -4*g = -l - v - 25, -2*l = 2. Calculate the highest common divisor of 6 and g.
6
Let r = -138 - -156. Let p = 23 - -1. Calculate the highest common divisor of p and r.
6
Suppose 19*a + 5*a = 4032. Calculate the highest common factor of a and 48.
24
Suppose 29*k - 265 = -120. Calculate the highest common factor of k and 17.
1
Suppose -2*b + 3597 = -5*f, 5*b - 2*b + 3*f = 5427. What is the greatest common factor of 14 and b?
14
Let p be 2/(-5) - 84/(-35). Let s be p/8 + (-9)/4. Let v be ((-48)/20)/(s/5). What is the highest common divisor of 4 and v?
2
Let y = -97 - -101. Suppose 546 + 174 = y*w. What is the highest common factor of 20 and w?
20
Let l(i) = -92*i - 524. Let d be l(-10). What is the highest common factor of d and 220?
44
Let u = 26 - -24. Suppose 0 = 15*c - 100 - 50. What is the greatest common divisor of c and u?
10
Suppose 0 = 9*t + 5 - 14. Let i = -5 + 9. What is the greatest common factor of i and t?
1
Suppose -44 - 16 = -2*d. Let u = -3 + 6. Suppose 48 = 2*b + 4*p, 3*b - u*p = -3 + 57. What is the greatest common factor of b and d?
10
Let h = -1413 + 1448. What is the highest common factor of h and 168?
7
Let d be (-4)/20 - (3128/(-10))/4. Let j be 6*2/d - 1478/(-26). Calculate the gre